se 5*b - s = -2*m, -m = -2*m - 4. What is the remainder when (8/(-6))/((-8)/b) is divided by 9?
8
Let n be (1/(-1) + 2)/1. Suppose r - 47 = -4*l, -4*r - n + 9 = l. Calculate the remainder when 45 is divided by l.
9
Let b = 3 - -5. Let k(i) = i - 6. Let n be k(4). Calculate the remainder when n*3/(-12)*26 is divided by b.
5
Suppose 0 = -5*p - 0*p + 5. Suppose -4*t = -p - 19. What is the remainder when 12 is divided by t?
2
Let n(l) = 2*l**2 + 20*l - 2. What is the remainder when 78 is divided by n(-11)?
18
Let w(v) = v**2 + v - 6. Let k be w(0). What is the remainder when 108 is divided by (2/(k/111))/(-1)?
34
Let h(k) = 4*k**2 + 2*k - 2. Let t be h(-2). Suppose 12*y - t*y = 10. What is the remainder when 22 is divided by y?
2
Let i = -8 - -6. Calculate the remainder when 20/(1 + -2)*i is divided by 21.
19
Suppose -3*u - 3*d = 6, -u - 3*d = -8*d - 22. Suppose u*z - 2*m - 33 = m, 3*m - 39 = -4*z. Calculate the remainder when z is divided by 5.
2
Let x = 29 - 21. Let g = 86 - 56. Calculate the remainder when g is divided by x.
6
Suppose -5*q + 580 = -195. Suppose -2*h - 3*h + q = 0. Calculate the remainder when h is divided by 8.
7
Let p = 2 - 9. Calculate the remainder when 40 is divided by p/14 - (-29)/2.
12
Suppose a - 3*a + 14 = -3*i, 0 = -3*a - 5*i + 40. Calculate the remainder when 25 is divided by a.
5
Let u be (-6)/((-5)/(220/8)). Suppose -6*c + u = -63. Calculate the remainder when c is divided by 9.
7
Calculate the remainder when 27 is divided by (-2)/11 + (2 - (-72)/33).
3
Let h = 27 - -31. What is the remainder when h is divided by 12?
10
Suppose -4*i - 14 + 4 = -5*u, -6 = -3*u + 5*i. Suppose 0 = -4*p + u*p + 36. What is the remainder when p is divided by 10?
8
Let m(j) = 19*j - 43. What is the remainder when 119 is divided by m(3)?
7
What is the remainder when -3 - ((-1)/(-5) + 964/(-20)) is divided by 11?
1
Suppose -4 = 5*y - 24. Suppose 4*j - 2 = 3*o + 12, -2*o = -j + 6. Calculate the remainder when 23 is divided by (8 - y)/((-1)/o).
7
Let y = 174 - 305. Let x = y - -188. Calculate the remainder when x is divided by 20.
17
Let p(g) = g**2 + 4. Let m be p(0). Suppose 5*k + m*c = k + 68, 61 = 3*k - 2*c. What is the remainder when 54 is divided by k?
16
Suppose -z - 5 = -41. Let t = z - -21. What is the remainder when t is divided by 20?
17
Let w(g) = -16*g - 29. Let f(o) = -5*o - 10. Let n(r) = 17*f(r) - 6*w(r). What is the remainder when n(5) is divided by 20?
19
Suppose 5*h - 80 = 20. Suppose 0 = -2*f - 2*f + h. What is the remainder when 13 is divided by f?
3
Let w(m) = m**3 + 5*m**2 - 2*m + 1. Calculate the remainder when 98 is divided by w(-4).
23
Let a(t) = 2*t + 2. Let b be a(2). Let n(i) = -i**3 + 5*i**2 + 7*i - 8. Let f be n(b). Calculate the remainder when 32 is divided by 112/10 + f/10.
10
Suppose 4*y = -y + 80. Let a = y + 9. Calculate the remainder when a is divided by 9.
7
Suppose -5*v + 69 = -46. Let f be -4*3/(-9)*3. Suppose -l + f = -4. Calculate the remainder when v is divided by l.
7
Suppose -3*p + 4*p - 15 = 0. What is the remainder when p is divided by 4?
3
Suppose -4*g - 3 = -43. Suppose -v + 6 = 2*v. Suppose -v*b - i = -24, 3*b + g*i - 29 = 5*i. What is the remainder when b is divided by 8?
5
Suppose g + 4*g = 5*w - 105, 3*w = 5*g + 73. Calculate the remainder when 29 is divided by w.
13
Suppose -4*i + 3*i = -5. Suppose 0 = 2*h - 0*h + 3*t - 12, i*t - 4 = 2*h. What is the remainder when h is divided by (-1)/2 - 25/(-10)?
1
Let u = 0 + -2. What is the remainder when 57 is divided by 360/27*(-3)/u?
17
Suppose 0 = -4*r + 6 + 2. Suppose -w + 98 = -5*t, -r*t - 2*t - w - 82 = 0. Let j = t + 33. Calculate the remainder when j is divided by 7.
6
Suppose -2*f + 60 = 2*g, -f + 4*g + 30 = -0*f. Let m = f - 24. What is the remainder when 9 is divided by m?
3
Let x(m) = -10*m - 17*m - 7 + 24*m. Calculate the remainder when 30 is divided by x(-6).
8
Let y be (-16)/88 - (-26)/22. What is the remainder when 4/y*330/40 is divided by 9?
6
Suppose 0*w + t = -4*w + 30, -5*w - t = -37. What is the remainder when 16 is divided by w?
2
Let y(a) = 8*a**2 + 2*a + 1. Let c be y(-1). Let d = c + -4. Suppose 0*h + 3*h - l - 24 = 0, d*h = -l + 30. Calculate the remainder when 16 is divided by h.
7
Suppose -4*i - 1 + 5 = 0. Let s be 4*1*1/i. Suppose -s*p + 16 = -0*p. What is the remainder when 10 is divided by p?
2
Let f = -6 + 4. Let h be (12/8)/((-1)/f). Suppose -h = -3*n + 6, -4*j - 3*n = -77. Calculate the remainder when 49 is divided by j.
15
Suppose 0*o - 3*o = -t, 0 = -o. Suppose -3*a + 4*v + 35 = -2*a, -4*a + 3*v + 192 = t. What is the remainder when a is divided by 13?
12
Suppose 0 = 2*h + h + 99. Let f = 46 + h. Calculate the remainder when f is divided by 8.
5
Let p = -3 + 65. Calculate the remainder when p is divided by 33.
29
Suppose 9*j - 51 = -8*j. Suppose 4*x - 32 = -g - 2*g, 3*g + 5*x - 34 = 0. What is the remainder when g is divided by j?
2
Suppose -2*n + 3*n = 27. Calculate the remainder when n is divided by (((-1)/3)/1)/(3/(-126)).
13
Suppose -3*y + 0*y = -3*i + 24, 0 = 4*y - 3*i + 33. Let z = y + 21. Let s = z + -7. Calculate the remainder when s is divided by 2.
1
Suppose 2*a + 10 = -0*a, -105 = 4*p + 5*a. What is the remainder when p/(-6) - 2/6 is divided by 1?
0
Calculate the remainder when (10/25)/(1/85) is divided by 12.
10
Suppose 8 = -4*t + 5*m, t + 0 = -2*m - 15. Let b = -44 - -123. What is the remainder when 21 is divided by b/7 + 2/t?
10
Let i(f) = -f**3 + 1 + 1 + 1. Let y(j) = -11*j - 36. What is the remainder when y(-4) is divided by i(0)?
2
Suppose 3*r + 46 = 169. What is the remainder when r is divided by 14?
13
Let z = -20 + 44. Calculate the remainder when z is divided by 13.
11
Let w(t) = -4*t - 3. Let k be w(-5). Let g = k + 28. Suppose -4*i + 107 - 15 = 0. What is the remainder when g is divided by i?
22
Suppose -3*r - u + 31 = 0, 5 = -4*r + 5*r - 5*u. What is the remainder when 27 is divided by r?
7
Let k(s) = 2*s - 2. Let i(o) = -3*o - 7. Let c be i(-5). Calculate the remainder when 35/2*c/5 is divided by k(6).
8
Suppose -2*o = -106 - 94. What is the remainder when o is divided by 34?
32
Let p(t) = t**3 + 7*t**2 - 7*t + 5. Let s(z) = 2*z + 6. Let f be s(-7). Let r be p(f). What is the remainder when (-4 - r)/((-1)/23) is divided by 12?
11
Let a(g) = g**3 - 6*g**2 + 2*g - 1. Let d be a(6). Suppose -5 = -5*k - 0. Let j = k + d. What is the remainder when 35 is divided by j?
11
Suppose 3*i + 125 = -2*i. Let c = -16 - i. Let o(x) = -x**3 + 8*x**2 + 11*x - 11. What is the remainder when 12 is divided by o(c)?
5
Suppose 0*g = 3*g - 36. Calculate the remainder when 22 is divided by g.
10
Let p be (1/2)/(1/(-18)). Let y = 21 + p. Let o(t) = -9*t - 1. What is the remainder when o(-4) is divided by y?
11
Let q(u) = -2*u - 5. Let x(c) = -c**2 + 33. What is the remainder when x(0) is divided by q(-7)?
6
Let l = 4 + 8. Let u(g) = g**2 - 4*g - 4. Let q be u(4). Let b(o) = -4*o + 5. Calculate the remainder when b(q) is divided by l.
9
Suppose -5*m - 5 = 0, m = -3*j + 4*m + 21. Suppose 4*q + 3*l = 42, -49 = -4*q - q - 2*l. Calculate the remainder when q is divided by j.
3
Let q be (14/(-4))/((-2)/20). Let k be (-450)/(-7) - 10/q. Suppose -n - n = -k. Calculate the remainder when n is divided by 11.
10
Let l(t) = -7*t - 13. Calculate the remainder when l(-9) is divided by 26.
24
Let t = 21 + -11. Let d be -1 - 3 - -2 - 2. Let f = d + 8. What is the remainder when t is divided by f?
2
Let p = -16 + 12. Let o = 10 + p. Calculate the remainder when 20 is divided by o.
2
Suppose -t = -2*p + 6, -p - 1 + 7 = t. Let f = -2 + t. Suppose f = 2*r - r - 13. Calculate the remainder when 25 is divided by r.
12
Let k(a) = a**3 - 8*a**2 - 7*a + 10. What is the remainder when k(9) is divided by 15?
13
Let g = 2 + -2. Suppose -2*o + 6*o - 8 = g. Calculate the remainder when (o/6)/((-3)/(-171)) is divided by 7.
5
Let z(r) = 3*r**2 + 3*r + 2. Let s = -2 + 0. Calculate the remainder when (1/2)/((-2)/(-116)) is divided by z(s).
5
Let s = 207 + -136. Suppose -s - 61 = -4*q. Calculate the remainder when q is divided by 9.
6
Let u be ((-9)/6)/(2/(-4)). Let h = 26 - u. Let z = -6 - -18. What is the remainder when h is divided by z?
11
Suppose 5*r - 55 = 60. Suppose v - 2*u = u - 3, -r = -3*v + u. Calculate the remainder when 35 is divi